60.
20
Calculate the highest common factor of 35092 and 124.
124
What is the greatest common divisor of 10 and 310?
10
What is the greatest common factor of 1302 and 35?
7
Calculate the highest common divisor of 2276 and 8.
4
Calculate the highest common factor of 66 and 1793.
11
Calculate the highest common divisor of 2210 and 130.
130
Calculate the greatest common divisor of 39 and 52.
13
What is the greatest common factor of 22 and 209?
11
What is the greatest common factor of 1 and 729?
1
What is the greatest common factor of 304 and 266?
38
What is the highest common factor of 524 and 4?
4
What is the highest common factor of 138 and 6?
6
What is the highest common divisor of 4064 and 64?
32
Calculate the highest common factor of 161 and 69.
23
Calculate the highest common divisor of 178 and 13439.
89
Calculate the greatest common divisor of 60 and 90.
30
What is the highest common factor of 72 and 450?
18
What is the greatest common factor of 1090 and 20?
10
Calculate the greatest common divisor of 176 and 3056.
16
Calculate the greatest common divisor of 96 and 544.
32
What is the highest common factor of 41 and 1763?
41
What is the highest common factor of 204 and 12?
12
What is the highest common factor of 1 and 2231?
1
What is the greatest common divisor of 1421 and 7?
7
What is the greatest common divisor of 90 and 18?
18
What is the highest common divisor of 1372 and 252?
28
What is the highest common factor of 5 and 445?
5
Calculate the greatest common divisor of 2 and 94.
2
What is the highest common divisor of 185 and 50?
5
Calculate the highest common factor of 61 and 5856.
61
What is the greatest common factor of 1491 and 63?
21
What is the greatest common factor of 679 and 14?
7
Calculate the greatest common factor of 261 and 99.
9
What is the greatest common factor of 288 and 198?
18
Calculate the greatest common factor of 6 and 31092.
6
What is the greatest common factor of 7 and 679?
7
What is the greatest common divisor of 252 and 602?
14
What is the highest common divisor of 867 and 459?
51
What is the greatest common divisor of 51 and 833?
17
Calculate the highest common divisor of 96 and 84.
12
What is the highest common divisor of 78 and 416?
26
Calculate the greatest common divisor of 75 and 365.
5
Calculate the greatest common divisor of 203 and 783.
29
Calculate the highest common factor of 1120 and 5.
5
What is the highest common factor of 440 and 60?
20
What is the greatest common factor of 48 and 6?
6
Calculate the greatest common divisor of 280 and 120.
40
What is the greatest common factor of 33996 and 12?
12
What is the highest common divisor of 154 and 44?
22
Calculate the highest common factor of 517 and 616.
11
What is the highest common factor of 11800 and 100?
100
What is the greatest common divisor of 9442 and 2?
2
What is the highest common factor of 429 and 13?
13
What is the highest common factor of 96 and 2808?
24
Calculate the highest common factor of 90 and 1728.
18
What is the greatest common divisor of 312 and 60?
12
What is the highest common factor of 525 and 300?
75
What is the greatest common divisor of 1216 and 38?
38
What is the highest common factor of 184 and 144?
8
What is the highest common factor of 890 and 10?
10
What is the greatest common divisor of 20 and 27460?
20
What is the greatest common factor of 2060 and 80?
20
What is the highest common divisor of 1819 and 107?
107
Calculate the highest common divisor of 132 and 363.
33
Calculate the greatest common divisor of 4 and 3028.
4
What is the highest common divisor of 3462 and 6?
6
Calculate the highest common factor of 204 and 2091.
51
Calculate the greatest common divisor of 27 and 450.
9
What is the greatest common divisor of 21 and 1407?
21
What is the greatest common factor of 87 and 87?
87
Calculate the greatest common factor of 78848 and 77.
77
What is the highest common divisor of 684 and 9?
9
What is the greatest common factor of 540 and 60?
60
Calculate the highest common divisor of 4 and 28.
4
What is the highest common divisor of 160 and 896?
32
Calculate the greatest common factor of 52 and 13.
13
What is the greatest common divisor of 2997 and 148?
37
Calculate the highest common divisor of 30 and 48.
6
Calculate the highest common divisor of 536 and 16.
8
What is the greatest common factor of 50 and 1150?
50
Calculate the greatest common factor of 1802 and 106.
106
What is the highest common divisor of 58 and 87?
29
Calculate the greatest common divisor of 8 and 428.
4
What is the greatest common factor of 58 and 2146?
58
Calculate the greatest common divisor of 122 and 549.
61
Calculate the highest common divisor of 6 and 58.
2
What is the greatest common divisor of 18 and 5058?
18
Calculate the highest common divisor of 8576 and 32.
32
Calculate the highest common divisor of 198 and 44.
22
What is the highest common divisor of 17 and 10761?
17
Calculate the highest common factor of 68 and 28118.
34
Calculate the highest common factor of 762 and 162.
6
Calculate the highest common divisor of 55 and 10.
5
Calculate the highest common divisor of 125 and 75.
25
What is the greatest common divisor of 15 and 255?
15
Calculate the highest common divisor of 12 and 54.
6
Calculate the greatest common divisor of 4628 and 260.
52
Calculate the highest common factor of 36 and 516.
12
Calculate the greatest common divisor of 48 and 144.
48
Calculate the greatest common factor of 2440 and 183.
61
Calculate the greatest common divisor of 64 and 64.
64
Calculate the highest common factor of 627 and 4560.
57
Calculate the highest common divisor of 6 and 138.
6
What is the greatest common factor of 891 and 6?
3
What is the greatest common divisor of 65 and 10?
5
Calculate the highest common factor of 77 and 99.
11
What is the highest common divisor of 42 and 154?
14
What is the greatest common factor of 104 and 676?
52
Calculate the greatest common divisor of 1508 and 812.
116
What is the greatest common divisor of 152 and 32?
8
What is the highest common divisor of 119 and 765?
17
Calculate the greatest common divisor of 24904 and 88.
88
Calculate the greatest common factor of 2506 and 14.
14
What is the greatest common divisor of 29 and 1421?
29
Calculate the highest common factor of 110 and 572.
22
What is the greatest common divisor of 261 and 5307?
87
Calculate the greatest common divisor of 43 and 1.
1
What is the highest common divisor of 22 and 550?
22
Calculate the greatest common factor of 1 and 125.
1
What is the highest common factor of 1870 and 1?
1
What is the highest common factor of 16005 and 165?
165
What is the greatest common divisor of 88 and 728?
8
Calculate the greatest common factor of 26866 and 202.
202
Calculate the highest common divisor of 112 and 64.
16
Calculate the greatest common factor of 160 and 32.
32
What is the greatest common divisor of 192 and 1968?
48
Calculate the greatest common factor of 50 and 62.
2
Calculate the greatest common divisor of 2520 and 855.
45
Calculate the highest common factor of 665 and 420.
35
Calculate the greatest common factor of 864 and 135.
27
What is the highest common divisor of 297 and 561?
33
Calculate the highest common divisor of 100 and 2270.
10
Calculate the highest common factor of 225 and 125.
25
What is the greatest common factor of 424 and 56?
8
What is the highest common factor of 1 and 1369?
1
What is the highest common divisor of 42 and 198?
6
What is the highest common factor of 27 and 3267?
27
What is the greatest common divisor of 2982 and 315?
21
What is the highest common factor of 192 and 36?
12
Calculate the highest common divisor of 10580 and 115.
115
What is the greatest common factor of 300 and 3525?
75
Calculate the highest common factor of 3710 and 28.
14
What is the highest common factor of 437 and 690?
23
Calculate the greatest common factor of 28 and 68.
4
Calculate the highest common divisor of 105 and 30.
15
What is the highest common divisor of 132 and 891?
33
What is the highest common divisor of 1672 and 456?
152
Calculate the highest common factor of 230 and 3634.
46
What is the greatest common factor of 2320 and 87?
29
Calculate the greatest common factor of 10 and 7750.
10
What is the greatest common factor of 21 and 35?
7
C